{"id":5532,"date":"2021-05-03T14:56:21","date_gmt":"2021-05-03T12:56:21","guid":{"rendered":"https:\/\/lestilleulsetretat.com\/?page_id=5532"},"modified":"2021-10-04T10:20:52","modified_gmt":"2021-10-04T08:20:52","slug":"yin-yoga-yoga-du-visage","status":"publish","type":"page","link":"https:\/\/lestilleulsetretat.com\/en\/yin-yoga-yoga-du-visage\/","title":{"rendered":"Yin Yoga &#038; Yoga du visage"},"content":{"rendered":"","protected":false},"excerpt":{"rendered":"","protected":false},"author":2,"featured_media":0,"parent":0,"menu_order":0,"comment_status":"closed","ping_status":"open","template":"","meta":{"footnotes":""},"class_list":["post-5532","page","type-page","status-publish","hentry","page_category-offres-speciales","page_category-retraites"],"yoast_head":"<!-- This site is optimized with the Yoast SEO plugin v27.5 - https:\/\/yoast.com\/product\/yoast-seo-wordpress\/ -->\n<title>Yin Yoga &amp; Yoga du visage - Les Tilleuls Etretat<\/title>\n<meta name=\"description\" content=\"Les Tilleuls est un h\u00f4tel particulier de 1738 dans une maison bourgeoise du Second Empire. Ce lieu privil\u00e9gi\u00e9 est situ\u00e9e dans un nid de verdure en plein c\u0153ur d\u2019Etretat \u00e0 300 m\u00e8tres des falaises.\" \/>\n<meta name=\"robots\" content=\"index, follow, max-snippet:-1, max-image-preview:large, max-video-preview:-1\" \/>\n<link rel=\"canonical\" href=\"https:\/\/lestilleulsetretat.com\/en\/yin-yoga-yoga-du-visage\/\" \/>\n<meta property=\"og:locale\" content=\"en_GB\" \/>\n<meta property=\"og:type\" content=\"article\" \/>\n<meta property=\"og:title\" content=\"Yin Yoga &amp; Yoga du visage - Les Tilleuls Etretat\" \/>\n<meta property=\"og:description\" content=\"Les Tilleuls est un h\u00f4tel particulier de 1738 dans une maison bourgeoise du Second Empire. Ce lieu privil\u00e9gi\u00e9 est situ\u00e9e dans un nid de verdure en plein c\u0153ur d\u2019Etretat \u00e0 300 m\u00e8tres des falaises.\" \/>\n<meta property=\"og:url\" content=\"https:\/\/lestilleulsetretat.com\/en\/yin-yoga-yoga-du-visage\/\" \/>\n<meta property=\"og:site_name\" content=\"Les Tilleuls Etretat\" \/>\n<meta property=\"article:publisher\" content=\"https:\/\/www.facebook.com\/lestilleuls.etretat\" \/>\n<meta property=\"article:modified_time\" content=\"2021-10-04T08:20:52+00:00\" \/>\n<meta name=\"twitter:card\" content=\"summary_large_image\" \/>\n<script type=\"application\/ld+json\" class=\"yoast-schema-graph\">{\"@context\":\"https:\\\/\\\/schema.org\",\"@graph\":[{\"@type\":\"WebPage\",\"@id\":\"https:\\\/\\\/lestilleulsetretat.com\\\/en\\\/yin-yoga-yoga-du-visage\\\/\",\"url\":\"https:\\\/\\\/lestilleulsetretat.com\\\/en\\\/yin-yoga-yoga-du-visage\\\/\",\"name\":\"Yin Yoga & Yoga du visage - Les Tilleuls Etretat\",\"isPartOf\":{\"@id\":\"https:\\\/\\\/lestilleulsetretat.com\\\/#website\"},\"datePublished\":\"2021-05-03T12:56:21+00:00\",\"dateModified\":\"2021-10-04T08:20:52+00:00\",\"description\":\"Les Tilleuls est un h\u00f4tel particulier de 1738 dans une maison bourgeoise du Second Empire. Ce lieu privil\u00e9gi\u00e9 est situ\u00e9e dans un nid de verdure en plein c\u0153ur d\u2019Etretat \u00e0 300 m\u00e8tres des falaises.\",\"breadcrumb\":{\"@id\":\"https:\\\/\\\/lestilleulsetretat.com\\\/en\\\/yin-yoga-yoga-du-visage\\\/#breadcrumb\"},\"inLanguage\":\"en-GB\",\"potentialAction\":[{\"@type\":\"ReadAction\",\"target\":[\"https:\\\/\\\/lestilleulsetretat.com\\\/en\\\/yin-yoga-yoga-du-visage\\\/\"]}]},{\"@type\":\"BreadcrumbList\",\"@id\":\"https:\\\/\\\/lestilleulsetretat.com\\\/en\\\/yin-yoga-yoga-du-visage\\\/#breadcrumb\",\"itemListElement\":[{\"@type\":\"ListItem\",\"position\":1,\"name\":\"Home\",\"item\":\"https:\\\/\\\/lestilleulsetretat.com\\\/\"},{\"@type\":\"ListItem\",\"position\":2,\"name\":\"Yin Yoga &#038; Yoga du visage\"}]},{\"@type\":\"WebSite\",\"@id\":\"https:\\\/\\\/lestilleulsetretat.com\\\/#website\",\"url\":\"https:\\\/\\\/lestilleulsetretat.com\\\/\",\"name\":\"Les Tilleuls Etretat\",\"description\":\"Les Tilleuls - H\u00f4tel Particulier\",\"potentialAction\":[{\"@type\":\"SearchAction\",\"target\":{\"@type\":\"EntryPoint\",\"urlTemplate\":\"https:\\\/\\\/lestilleulsetretat.com\\\/?s={search_term_string}\"},\"query-input\":{\"@type\":\"PropertyValueSpecification\",\"valueRequired\":true,\"valueName\":\"search_term_string\"}}],\"inLanguage\":\"en-GB\"}]}<\/script>\n<!-- \/ Yoast SEO plugin. -->","yoast_head_json":{"title":"Yin Yoga & Yoga du visage - Les Tilleuls Etretat","description":"The h\u00f4tel particulier Les Tilleuls is a traditional bourgeois house. Built in 1738, this unique place is a haven of peace in the heart of Etretat, 300 meters from the cliffs.","robots":{"index":"index","follow":"follow","max-snippet":"max-snippet:-1","max-image-preview":"max-image-preview:large","max-video-preview":"max-video-preview:-1"},"canonical":"https:\/\/lestilleulsetretat.com\/en\/yin-yoga-yoga-du-visage\/","og_locale":"en_GB","og_type":"article","og_title":"Yin Yoga & Yoga du visage - Les Tilleuls Etretat","og_description":"Les Tilleuls est un h\u00f4tel particulier de 1738 dans une maison bourgeoise du Second Empire. Ce lieu privil\u00e9gi\u00e9 est situ\u00e9e dans un nid de verdure en plein c\u0153ur d\u2019Etretat \u00e0 300 m\u00e8tres des falaises.","og_url":"https:\/\/lestilleulsetretat.com\/en\/yin-yoga-yoga-du-visage\/","og_site_name":"Les Tilleuls Etretat","article_publisher":"https:\/\/www.facebook.com\/lestilleuls.etretat","article_modified_time":"2021-10-04T08:20:52+00:00","twitter_card":"summary_large_image","schema":{"@context":"https:\/\/schema.org","@graph":[{"@type":"WebPage","@id":"https:\/\/lestilleulsetretat.com\/en\/yin-yoga-yoga-du-visage\/","url":"https:\/\/lestilleulsetretat.com\/en\/yin-yoga-yoga-du-visage\/","name":"Yin Yoga & Yoga du visage - Les Tilleuls Etretat","isPartOf":{"@id":"https:\/\/lestilleulsetretat.com\/#website"},"datePublished":"2021-05-03T12:56:21+00:00","dateModified":"2021-10-04T08:20:52+00:00","description":"The h\u00f4tel particulier Les Tilleuls is a traditional bourgeois house. Built in 1738, this unique place is a haven of peace in the heart of Etretat, 300 meters from the cliffs.","breadcrumb":{"@id":"https:\/\/lestilleulsetretat.com\/en\/yin-yoga-yoga-du-visage\/#breadcrumb"},"inLanguage":"en-GB","potentialAction":[{"@type":"ReadAction","target":["https:\/\/lestilleulsetretat.com\/en\/yin-yoga-yoga-du-visage\/"]}]},{"@type":"BreadcrumbList","@id":"https:\/\/lestilleulsetretat.com\/en\/yin-yoga-yoga-du-visage\/#breadcrumb","itemListElement":[{"@type":"ListItem","position":1,"name":"Home","item":"https:\/\/lestilleulsetretat.com\/"},{"@type":"ListItem","position":2,"name":"Yin Yoga &#038; Yoga du visage"}]},{"@type":"WebSite","@id":"https:\/\/lestilleulsetretat.com\/#website","url":"https:\/\/lestilleulsetretat.com\/","name":"Les Tilleuls Etretat","description":"Les Tilleuls - H\u00f4tel Particulier","potentialAction":[{"@type":"SearchAction","target":{"@type":"EntryPoint","urlTemplate":"https:\/\/lestilleulsetretat.com\/?s={search_term_string}"},"query-input":{"@type":"PropertyValueSpecification","valueRequired":true,"valueName":"search_term_string"}}],"inLanguage":"en-GB"}]}},"_links":{"self":[{"href":"https:\/\/lestilleulsetretat.com\/en\/wp-json\/wp\/v2\/pages\/5532","targetHints":{"allow":["GET"]}}],"collection":[{"href":"https:\/\/lestilleulsetretat.com\/en\/wp-json\/wp\/v2\/pages"}],"about":[{"href":"https:\/\/lestilleulsetretat.com\/en\/wp-json\/wp\/v2\/types\/page"}],"author":[{"embeddable":true,"href":"https:\/\/lestilleulsetretat.com\/en\/wp-json\/wp\/v2\/users\/2"}],"replies":[{"embeddable":true,"href":"https:\/\/lestilleulsetretat.com\/en\/wp-json\/wp\/v2\/comments?post=5532"}],"version-history":[{"count":11,"href":"https:\/\/lestilleulsetretat.com\/en\/wp-json\/wp\/v2\/pages\/5532\/revisions"}],"predecessor-version":[{"id":5546,"href":"https:\/\/lestilleulsetretat.com\/en\/wp-json\/wp\/v2\/pages\/5532\/revisions\/5546"}],"wp:attachment":[{"href":"https:\/\/lestilleulsetretat.com\/en\/wp-json\/wp\/v2\/media?parent=5532"}],"curies":[{"name":"wp","href":"https:\/\/api.w.org\/{rel}","templated":true}]}}

<!-- This site is optimized with the Yoast SEO plugin v27.5 - https://yoast.com/product/yoast-seo-wordpress/ -->
<title>Yin Yoga &amp; Yoga du visage - Les Tilleuls Etretat</title>
<meta name="description" content="Les Tilleuls est un hôtel particulier de 1738 dans une maison bourgeoise du Second Empire. Ce lieu privilégié est située dans un nid de verdure en plein cœur d’Etretat à 300 mètres des falaises." />
<meta name="robots" content="index, follow, max-snippet:-1, max-image-preview:large, max-video-preview:-1" />
<link rel="canonical" href="https://lestilleulsetretat.com/en/yin-yoga-yoga-du-visage/" />
<meta property="og:locale" content="en_GB" />
<meta property="og:type" content="article" />
<meta property="og:title" content="Yin Yoga &amp; Yoga du visage - Les Tilleuls Etretat" />
<meta property="og:description" content="Les Tilleuls est un hôtel particulier de 1738 dans une maison bourgeoise du Second Empire. Ce lieu privilégié est située dans un nid de verdure en plein cœur d’Etretat à 300 mètres des falaises." />
<meta property="og:url" content="https://lestilleulsetretat.com/en/yin-yoga-yoga-du-visage/" />
<meta property="og:site_name" content="Les Tilleuls Etretat" />
<meta property="article:publisher" content="https://www.facebook.com/lestilleuls.etretat" />
<meta property="article:modified_time" content="2021-10-04T08:20:52+00:00" />
<meta name="twitter:card" content="summary_large_image" />
<script type="application/ld+json" class="yoast-schema-graph">{"@context":"https:\/\/schema.org","@graph":[{"@type":"WebPage","@id":"https:\/\/lestilleulsetretat.com\/en\/yin-yoga-yoga-du-visage\/","url":"https:\/\/lestilleulsetretat.com\/en\/yin-yoga-yoga-du-visage\/","name":"Yin Yoga & Yoga du visage - Les Tilleuls Etretat","isPartOf":{"@id":"https:\/\/lestilleulsetretat.com\/#website"},"datePublished":"2021-05-03T12:56:21+00:00","dateModified":"2021-10-04T08:20:52+00:00","description":"Les Tilleuls est un hôtel particulier de 1738 dans une maison bourgeoise du Second Empire. Ce lieu privilégié est située dans un nid de verdure en plein cœur d’Etretat à 300 mètres des falaises.","breadcrumb":{"@id":"https:\/\/lestilleulsetretat.com\/en\/yin-yoga-yoga-du-visage\/#breadcrumb"},"inLanguage":"en-GB","potentialAction":[{"@type":"ReadAction","target":["https:\/\/lestilleulsetretat.com\/en\/yin-yoga-yoga-du-visage\/"]}]},{"@type":"BreadcrumbList","@id":"https:\/\/lestilleulsetretat.com\/en\/yin-yoga-yoga-du-visage\/#breadcrumb","itemListElement":[{"@type":"ListItem","position":1,"name":"Home","item":"https:\/\/lestilleulsetretat.com\/"},{"@type":"ListItem","position":2,"name":"Yin Yoga &#038; Yoga du visage"}]},{"@type":"WebSite","@id":"https:\/\/lestilleulsetretat.com\/#website","url":"https:\/\/lestilleulsetretat.com\/","name":"Les Tilleuls Etretat","description":"Les Tilleuls - Hôtel Particulier","potentialAction":[{"@type":"SearchAction","target":{"@type":"EntryPoint","urlTemplate":"https:\/\/lestilleulsetretat.com\/?s={search_term_string}"},"query-input":{"@type":"PropertyValueSpecification","valueRequired":true,"valueName":"search_term_string"}}],"inLanguage":"en-GB"}]}</script>
<!-- / Yoast SEO plugin. -->

The hôtel particulier Les Tilleuls is a traditional bourgeois house. Built in 1738, this unique place is a haven of peace in the heart of Etretat, 300 meters from the cliffs.

Les Tilleuls est un hôtel particulier de 1738 dans une maison bourgeoise du Second Empire. Ce lieu privilégié est située dans un nid de verdure en plein cœur d’Etretat à 300 mètres des falaises.

Les Tilleuls - Hôtel Particulier
